{"id":834,"date":"2016-04-13T20:26:15","date_gmt":"2016-04-13T18:26:15","guid":{"rendered":"http:\/\/republicdomain.net\/deck\/?page_id=834"},"modified":"2016-04-21T14:36:04","modified_gmt":"2016-04-21T12:36:04","slug":"dada","status":"publish","type":"page","link":"https:\/\/republicdomain.net\/deck\/dada\/","title":{"rendered":"24 dadaistische Werke die uns spontan eingefallen sind"},"content":{"rendered":"<p>Zusammen mit Dada-Spezialistinnen w\u00e4hlten wir 24 dadaistische Werke aus, die uns spontan eingefallen sein werden. Das vollst\u00e4ndige Deck wird im Laufe des 100-j\u00e4hrigen Jubil\u00e4ums von Dada publiziert. Die versammelten Digitalisate dienen als Grundlage f\u00fcr die Ausstellung Re:Dada und werden durch zeitgen\u00f6ssische Adaptionen erg\u00e4nzt.<\/p>\n<p>[table id=4 \/]<\/p>\n<p>Re:Dada, 4.11.-24.11. Swissnex, San Francisco\/USA<\/p>\n","protected":false},"excerpt":{"rendered":"<div class=\"mh-excerpt\"><p> <a class=\"mh-excerpt-more\" href=\"https:\/\/republicdomain.net\/deck\/dada\/\" title=\"24 dadaistische Werke die uns spontan eingefallen sind\"><\/a><\/p>\n<\/div>","protected":false},"author":1,"featured_media":0,"parent":0,"menu_order":0,"comment_status":"closed","ping_status":"closed","template":"","meta":{"footnotes":""},"class_list":["post-834","page","type-page","status-publish","hentry"],"_links":{"self":[{"href":"https:\/\/republicdomain.net\/deck\/wp-json\/wp\/v2\/pages\/834","targetHints":{"allow":["GET"]}}],"collection":[{"href":"https:\/\/republicdomain.net\/deck\/wp-json\/wp\/v2\/pages"}],"about":[{"href":"https:\/\/republicdomain.net\/deck\/wp-json\/wp\/v2\/types\/page"}],"author":[{"embeddable":true,"href":"https:\/\/republicdomain.net\/deck\/wp-json\/wp\/v2\/users\/1"}],"replies":[{"embeddable":true,"href":"https:\/\/republicdomain.net\/deck\/wp-json\/wp\/v2\/comments?post=834"}],"version-history":[{"count":6,"href":"https:\/\/republicdomain.net\/deck\/wp-json\/wp\/v2\/pages\/834\/revisions"}],"predecessor-version":[{"id":864,"href":"https:\/\/republicdomain.net\/deck\/wp-json\/wp\/v2\/pages\/834\/revisions\/864"}],"wp:attachment":[{"href":"https:\/\/republicdomain.net\/deck\/wp-json\/wp\/v2\/media?parent=834"}],"curies":[{"name":"wp","href":"https:\/\/api.w.org\/{rel}","templated":true}]}}